et p(w) = w**2 + 9*w - 2. Let z = 1 - 7. Let c be p(z). Let x = c - -28. What is the units digit of x?
8
Suppose 1 = 2*p - 1. Let s be 1 - p - (4 - 11). Suppose 14 = o - 0*o + 4*t, -t = 2*o - s. What is the units digit of o?
2
Let r = -3 - -48. What is the units digit of r?
5
Let g = -3 + 5. Suppose 0 = -2*m - 10, -39 = -g*s + s + 5*m. What is the units digit of s?
4
Let t be (-1)/(3/12*-2). Suppose 0 + t = x. Suppose 0*c + 28 = x*c. What is the units digit of c?
4
Let v = -4 + 7. Suppose -r + 0*r = 3*c + 15, 5*r - 5 = c. Let d = v + r. What is the units digit of d?
3
Let m(a) = a**3 + 11*a**2 + 10*a + 14. Let x be m(-10). Suppose -5*b + x = -16. What is the units digit of b?
6
What is the units digit of (-8)/28 - (-2421)/21?
5
Suppose 0 = l - 27 - 20. What is the tens digit of l?
4
Let s(u) = -u**3 - 8*u**2 - 8*u - 1. Let a be s(-7). Suppose 2*o = -4 - a. Let k = o + 13. What is the units digit of k?
8
Suppose 840 + 450 = 5*d. What is the tens digit of d?
5
Suppose 5*d = -0*d + 5*w + 20, -d = 3*w - 12. Let f = -4 + d. Suppose -z + 14 = -3*h, 0*z - f*h - 16 = -4*z. What is the units digit of z?
2
Suppose -2*a = -3*u - 20 - 0, -a - 4*u + 10 = 0. Let w be (2/(-5))/((-1)/a). Suppose w*g + 15 = 5*g. What is the tens digit of g?
1
Suppose -2*k + 0*k = -40. Suppose k = 2*w - 6. What is the tens digit of w?
1
Let y be ((-2)/2)/(2/(-12)). Let b = y - 3. Suppose -b*h + 0*h = -3. What is the units digit of h?
1
Let t = 17 + 32. What is the tens digit of t?
4
Let g = -9 - -5. Let n be (-11)/g + 2/8. Suppose -3*p + n*h + 33 = 0, 4*p + h - 22 = 2*p. What is the units digit of p?
1
Suppose -112 = -4*t + 8*t. Let a = 40 + t. What is the units digit of a?
2
Suppose 0*r - 2*r - 24 = 0. What is the units digit of (16/3)/((-8)/r)?
8
Let u(z) be the third derivative of z**6/120 + z**5/10 - z**4/24 - 7*z**3/6 - 3*z**2. What is the units digit of u(-5)?
3
Suppose -d = 3, 3*d - 26 = -2*k + 3*k. Let r = 22 - k. Suppose -r = -4*u - 17. What is the units digit of u?
0
What is the tens digit of (18/(-8))/3 + (-8619)/(-52)?
6
Let r be 5*(-1)/((-1)/1). Let y be 10/(-25) - (-102)/r. What is the units digit of 1/(-4) - (-65)/y?
3
What is the units digit of 9/(-3)*236/(-12)?
9
Suppose 4*g - 2*g + 3*w + 10 = 0, 0 = -3*g - 2*w - 5. Let h(o) = 13*o**2. What is the tens digit of h(g)?
1
Suppose -3421 = -20*z + 4379. What is the hundreds digit of z?
3
Let s = -390 - -714. What is the units digit of s?
4
Let k(h) = -18*h - 8. What is the units digit of k(-23)?
6
Let y(m) = -m + 14. Let b be y(-11). What is the units digit of b/4 + 1/(-4)?
6
Let a = -6 - -49. Let c = 68 - a. What is the tens digit of c?
2
Let c(q) = q**2 - q - 2. What is the units digit of c(6)?
8
Let b = -1 + 2. Let v = 2 - b. What is the units digit of v?
1
Suppose -20 = -9*m + 277. What is the tens digit of m?
3
Let l = -7 + 12. Let f(r) = r**3 + 6*r**2 + 3*r + 2. Let u be f(-5). Suppose a - u = -l. What is the units digit of a?
7
Suppose -6*c + 67 = -191. Let n = c - 14. What is the units digit of n?
9
Let a(f) = 1 - 4*f + 0 + 0*f + 0. What is the tens digit of a(-8)?
3
Let y(x) = 7*x**2 + x. Let f be y(1). Let r be (-20)/f*16/(-10). Suppose 74 = r*j - 2. What is the tens digit of j?
1
Suppose 0 = -5*j - 33 + 3. Let v(p) = -p**3 - 4*p**2 + 7*p - 1. Let r be v(-5). Let m = j - r. What is the units digit of m?
5
Let z(d) = d. Let y(t) = -t**3 - 6*t**2 + 12*t - 1. Let i(l) = y(l) - 6*z(l). Let v be i(-7). Let x = v - 1. What is the units digit of x?
5
Let d = 17 + -8. What is the units digit of d + 2 + 6/(-3)?
9
Let k(d) = -d - 5*d**2 + 4*d**2 - 5*d + 6. What is the units digit of k(-6)?
6
Let p(z) = -10*z + 2. Let v be p(-2). Let j = v + 78. Suppose -j = -4*g - g. What is the units digit of g?
0
Let m = 5 - 26. Let y = -12 - m. What is the units digit of y?
9
Suppose -4*j = 5*t - 5, 1 + 4 = 4*t + 3*j. Suppose -13 = -t*v + 2. Suppose 0 = -v*d - 0*d + 18. What is the units digit of d?
6
Suppose -3*x + 8 = -u - 6, 32 = 4*x + 2*u. What is the units digit of x?
6
Let k be ((-28)/16 + 3)*4. Let a(s) = -s**2 + 9*s - 1. What is the units digit of a(k)?
9
Suppose 0 = -f + 6 - 0. What is the units digit of f?
6
Let t(c) = c**3 + 9*c**2 + c + 11. Let r be t(-9). Let m be (-1)/r*40/(-4). Let v(u) = u**2 - 3*u - 2. What is the units digit of v(m)?
8
Suppose -5*w = 98 - 13. Let b = w - -58. Let z = -27 + b. What is the tens digit of z?
1
Let n = 51 - 33. Let v = -11 + n. Let g(r) = -r**3 + 6*r**2 + 9*r - 7. What is the units digit of g(v)?
7
Let x = 3 + 1. Let y = 1 - x. What is the units digit of (-30)/y*(-1)/(-2)?
5
Suppose 0*c - c = -72. What is the units digit of c?
2
Suppose -i - 2*i = 0. Suppose -b + 19 = 4*o, b - 3*o + 5*o - 11 = i. What is the units digit of b?
3
Let f be 0 - (1 - (0 + -5)). Let h be -1 - -2 - f/2. Suppose -54 + h = -5*w. What is the units digit of w?
0
Let t = -6 - -7. What is the units digit of t?
1
Suppose -2*m = -r + 4*r + 34, -5*r - 61 = -m. What is the tens digit of (-4)/r - (-160)/6?
2
Suppose -d + 104 = 4*q, 2*q + 3*d + 52 = 4*q. Let l = q - -1. What is the units digit of l?
7
Let s be 10/3*108/60. Suppose -s*x = -x - 135. What is the units digit of x?
7
Suppose -2*i - 2*i + 644 = -3*w, -458 = -3*i - 4*w. What is the tens digit of i?
5
Let n(c) = c + 5. Let p be n(-5). Suppose p*m + 29 = m. What is the tens digit of m?
2
Let z = 30 - 12. Let t = 27 - z. What is the units digit of t?
9
Suppose 3*m + m - 48 = -4*g, -4*g + 12 = -5*m. Suppose 2*p = -4*c + 60 + g, -c + 4*p = -26. What is the units digit of c?
8
Let v be 4/18 - 124/(-9). Suppose -2*m - 6 = -v. Suppose -5*z = -2*z - d - 36, m*z - 5*d = 37. What is the units digit of z?
3
Let m(h) be the first derivative of -h**4/4 + 5*h**3/3 - h**2/2 + 3*h + 3. Let b be m(3). Suppose -4 - b = -l. What is the units digit of l?
2
Suppose -4*o = 45 - 133. What is the tens digit of o?
2
Let f = 68 - 43. Suppose -4*r = r - f. Suppose 31 = 4*n + 3*y, 4*n - r*y + 13 = n. What is the units digit of n?
4
Let q = -14 + 45. What is the tens digit of q?
3
Suppose 0 = 2*n - 75 + 5. Suppose -b + 4*u - n = 2*b, -2*b = 4*u + 10. Let d = 16 + b. What is the units digit of d?
7
Let g(k) = 4*k**2 + 6*k + 12. Let r(i) = 7*i**2 + 13*i + 23. Let f(j) = 5*g(j) - 3*r(j). What is the units digit of f(-7)?
5
Suppose g + 10 = -2*n, -4*g = n - 2*g + 5. Let f = n - -5. Suppose -h + f*h + 8 = 2*a, 0 = -a. What is the units digit of h?
8
Let v = 346 - 97. What is the tens digit of v?
4
Let v be -2 + -1 + -3 - 0. What is the units digit of (2/(-1))/(3/v)?
4
Let t = -35 + 12. Let s = t - -37. What is the tens digit of s?
1
Suppose 5*u - 89 = 86. What is the tens digit of u?
3
Suppose z - 36 = -4*p - 4, z = 3*p + 11. What is the units digit of z?
0
Let s(x) = x - 20. Let i be s(11). Let n = 14 + i. Suppose -5*d + 2*p = -70, d - n*p = -3*d + 39. What is the tens digit of d?
1
Let n(j) = -1 - 2 - 3*j + 2*j + 2*j. Let l(y) = -y**2 - 6*y + 5. Let d be l(-6). What is the units digit of n(d)?
2
Let d(o) be the third derivative of -o**5/60 + 7*o**4/24 + 5*o**3/3 + 3*o**2. What is the tens digit of d(6)?
1
Suppose 12 = -0*n + 4*n. Suppose -8 - 1 = -n*j. What is the units digit of j?
3
Let c(j) = j**3 - 7*j**2 + 4. Let x be c(7). Let p(r) = r**3 - 2*r**2 - 6*r + 3. What is the tens digit of p(x)?
1
Suppose -4*m - 22 = 3*y, 0 = -5*y + m - 6. Suppose 0*b - 12 = -2*b. Let i = b + y. What is the units digit of i?
4
Let s(h) = h**2 + 2*h - 3. Let x be s(-3). What is the units digit of -1 + -2 + 14 + x?
1
Suppose -3*i + 12 = -3*u, -3*u - 24 + 4 = 5*i. Let x(c) = -15*c + 2. What is the tens digit of x(i)?
1
Let x(w) = -3*w**3 + w**2 + 2*w + 1. Let u be x(-1). What is the units digit of 1 + 7 + (1 - u)?
6
Let t(c) = -16*c + 6. What is the units digit of t(-7)?
8
Suppose -2*r + 5*y - 37 = 0, 5*r - y + 135 = 3*y. What is the units digit of (-2)/(2 - 3) - r?
3
What is the tens digit of (-728)/(-36) - (-6)/(-27)?
2
Suppose -q + 2 = 0, 0 = 2*v - 4*v - q + 2. Let k be v/(0 + 4 + -2). Suppose 5*s = -k + 55. What is the units digit of s?
1
Suppose 10 + 18 = w. What is the units digit of w?
8
Suppose -10 = -0*g + 2*g. Let l be (-14)/g - 6/(-30). Let s = l + 0. What is the units digit of s?
3
Let w(i) = -5*i**3 - 3*i**2 + 15*i + 8. Let h(k) = -k**3 + k**2 + k + 1. Let x(s) = 4*h(s) - w(s). What is the tens